{"id":9,"date":"2017-06-22T14:00:46","date_gmt":"2017-06-22T12:00:46","guid":{"rendered":"http:\/\/notabeneconseil.fr\/?page_id=9"},"modified":"2025-07-07T11:16:44","modified_gmt":"2025-07-07T09:16:44","slug":"contact","status":"publish","type":"page","link":"https:\/\/notabeneconseil.fr\/index.php\/contact\/","title":{"rendered":"Contact"},"content":{"rendered":"<h5><img loading=\"lazy\" decoding=\"async\" class=\"wp-image-96 size-thumbnail alignleft\" src=\"http:\/\/notabeneconseil.fr\/wp-content\/uploads\/2017\/06\/logo-fb-150x150.jpg\" alt=\"\" width=\"150\" height=\"150\" srcset=\"https:\/\/notabeneconseil.fr\/wp-content\/uploads\/2017\/06\/logo-fb-150x150.jpg 150w, https:\/\/notabeneconseil.fr\/wp-content\/uploads\/2017\/06\/logo-fb-300x300.jpg 300w, https:\/\/notabeneconseil.fr\/wp-content\/uploads\/2017\/06\/logo-fb.jpg 567w\" sizes=\"(max-width: 150px) 100vw, 150px\" \/>Nota Bene Conseil<br \/>29 chemin de l&rsquo;ermitage\u00a086000 POITIERS<br \/>T\u00e9l\u00e9phone: +33 7 86 41 70 60.<\/h5>\n<h5>R\u00e9f\u00e9rente Handicaps: Jo\u00eblle Tobelem<\/h5>\n<p>Certification Qualiopi N\u00b0ATA 181\/2024<\/p>\n\n\n<p>\u00a0<\/p>\n<p>\u00a0<\/p>\n\n\n\n<div data-wp-interactive=\"core\/file\" class=\"wp-block-file\"><object data-wp-bind--hidden=\"!state.hasPdfPreview\"  class=\"wp-block-file__embed\" data=\"https:\/\/notabeneconseil.fr\/wp-content\/uploads\/2025\/07\/03-certificat-qualiopi-mai-27.pdf\" type=\"application\/pdf\" style=\"width:100%;height:600px\" aria-label=\"Contenu embarqu\u00e9 03-certificat-qualiopi-mai-27.\"><\/object><a id=\"wp-block-file--media-e146c61c-e738-4eef-ab16-9697645314f1\" href=\"https:\/\/notabeneconseil.fr\/wp-content\/uploads\/2025\/07\/03-certificat-qualiopi-mai-27.pdf\">03-certificat-qualiopi-mai-27<\/a><a href=\"https:\/\/notabeneconseil.fr\/wp-content\/uploads\/2025\/07\/03-certificat-qualiopi-mai-27.pdf\" class=\"wp-block-file__button wp-element-button\" download aria-describedby=\"wp-block-file--media-e146c61c-e738-4eef-ab16-9697645314f1\">T\u00e9l\u00e9charger<\/a><\/div>\n","protected":false},"excerpt":{"rendered":"<p>Nota Bene Conseil29 chemin de l&rsquo;ermitage\u00a086000 POITIERST\u00e9l\u00e9phone: +33 7 86 41 70 60. R\u00e9f\u00e9rente Handicaps: Jo\u00eblle Tobelem Certification Qualiopi N\u00b0ATA 181\/2024 \u00a0 \u00a0<\/p>\n","protected":false},"author":1,"featured_media":0,"parent":0,"menu_order":0,"comment_status":"closed","ping_status":"closed","template":"","meta":{"footnotes":""},"_links":{"self":[{"href":"https:\/\/notabeneconseil.fr\/index.php\/wp-json\/wp\/v2\/pages\/9"}],"collection":[{"href":"https:\/\/notabeneconseil.fr\/index.php\/wp-json\/wp\/v2\/pages"}],"about":[{"href":"https:\/\/notabeneconseil.fr\/index.php\/wp-json\/wp\/v2\/types\/page"}],"author":[{"embeddable":true,"href":"https:\/\/notabeneconseil.fr\/index.php\/wp-json\/wp\/v2\/users\/1"}],"replies":[{"embeddable":true,"href":"https:\/\/notabeneconseil.fr\/index.php\/wp-json\/wp\/v2\/comments?post=9"}],"version-history":[{"count":21,"href":"https:\/\/notabeneconseil.fr\/index.php\/wp-json\/wp\/v2\/pages\/9\/revisions"}],"predecessor-version":[{"id":424,"href":"https:\/\/notabeneconseil.fr\/index.php\/wp-json\/wp\/v2\/pages\/9\/revisions\/424"}],"wp:attachment":[{"href":"https:\/\/notabeneconseil.fr\/index.php\/wp-json\/wp\/v2\/media?parent=9"}],"curies":[{"name":"wp","href":"https:\/\/api.w.org\/{rel}","templated":true}]}}