{"id":8,"date":"2017-06-22T14:00:46","date_gmt":"2017-06-22T12:00:46","guid":{"rendered":"http:\/\/notabeneconseil.fr\/?page_id=8"},"modified":"2017-07-22T10:45:11","modified_gmt":"2017-07-22T08:45:11","slug":"a-propos-de","status":"publish","type":"page","link":"https:\/\/notabeneconseil.fr\/","title":{"rendered":"Nota Bene Conseil"},"content":{"rendered":"<p>est un organisme de formation qui oeuvre dans le secteur social et m\u00e9dicosocial en France.<\/p>\n<p>Notre particularit\u00e9 est la souplesse. Nous nous adaptons \u00e0 vos besoins et notre grande exp\u00e9rience dans le secteur nous permet de travailler avec de nombreux professionnels et experts comp\u00e9tents: Sociologues, philosophes, m\u00e9decins, psychologues, psychosociologues, psychanalystes, travailleurs sociaux, enseignants sp\u00e9cialis\u00e9s&#8230;<\/p>\n<p>Nota Bene Conseil a pour objectif, de former et d\u2019accompagner les professionnels du travail social &amp; m\u00e9dicosocial (petite enfance, protection de l\u2019enfance, handicaps, vieillissement, insertion)<\/p>\n<p>Que la demande vienne d\u2019un \u00e9tablissement, d\u2019un service ou de personnels, la particularit\u00e9 de Nota Bene est de composer avec vous, les formations dont vous avez besoin. Nota Bene Conseil propose des formations \u00e0 tous les professionnels (tous niveaux confondus, du niveau 5 au Niveau 1) au service du d\u00e9veloppement d\u2019une culture professionnelle, de comp\u00e9tences personnelles et collectives pour une transformation\/am\u00e9lioration des pratiques professionnelles en direction des usagers.<\/p>\n<p>Les formations sont organis\u00e9es au sein des \u00e9tablissements et services eux m\u00eames ou dans des locaux adapt\u00e9s, lou\u00e9s par Nota Bene Conseil suivant les besoins.<\/p>\n","protected":false},"excerpt":{"rendered":"<p>est un organisme de formation qui oeuvre dans le secteur social et m\u00e9dicosocial en France. Notre particularit\u00e9 est la souplesse. Nous nous adaptons \u00e0 vos besoins et notre grande exp\u00e9rience dans le secteur nous permet de travailler avec de nombreux professionnels et experts comp\u00e9tents: Sociologues, philosophes, m\u00e9decins, psychologues, psychosociologues, psychanalystes, travailleurs sociaux, enseignants sp\u00e9cialis\u00e9s&#8230; Nota [&hellip;]<\/p>\n","protected":false},"author":1,"featured_media":0,"parent":0,"menu_order":0,"comment_status":"closed","ping_status":"closed","template":"","meta":{"footnotes":""},"_links":{"self":[{"href":"https:\/\/notabeneconseil.fr\/index.php\/wp-json\/wp\/v2\/pages\/8"}],"collection":[{"href":"https:\/\/notabeneconseil.fr\/index.php\/wp-json\/wp\/v2\/pages"}],"about":[{"href":"https:\/\/notabeneconseil.fr\/index.php\/wp-json\/wp\/v2\/types\/page"}],"author":[{"embeddable":true,"href":"https:\/\/notabeneconseil.fr\/index.php\/wp-json\/wp\/v2\/users\/1"}],"replies":[{"embeddable":true,"href":"https:\/\/notabeneconseil.fr\/index.php\/wp-json\/wp\/v2\/comments?post=8"}],"version-history":[{"count":6,"href":"https:\/\/notabeneconseil.fr\/index.php\/wp-json\/wp\/v2\/pages\/8\/revisions"}],"predecessor-version":[{"id":352,"href":"https:\/\/notabeneconseil.fr\/index.php\/wp-json\/wp\/v2\/pages\/8\/revisions\/352"}],"wp:attachment":[{"href":"https:\/\/notabeneconseil.fr\/index.php\/wp-json\/wp\/v2\/media?parent=8"}],"curies":[{"name":"wp","href":"https:\/\/api.w.org\/{rel}","templated":true}]}}