{"id":212,"date":"2017-06-24T23:56:12","date_gmt":"2017-06-24T21:56:12","guid":{"rendered":"http:\/\/notabeneconseil.fr\/?page_id=212"},"modified":"2017-07-21T22:55:53","modified_gmt":"2017-07-21T20:55:53","slug":"formations-a-lapproche-carpe-diem","status":"publish","type":"page","link":"https:\/\/notabeneconseil.fr\/index.php\/formations-a-lapproche-carpe-diem\/","title":{"rendered":"Formations \u00e0 l&rsquo;approche Carpe Diem"},"content":{"rendered":"<p><img loading=\"lazy\" decoding=\"async\" class=\"alignleft wp-image-99 size-full\" src=\"http:\/\/notabeneconseil.fr\/wp-content\/uploads\/2017\/06\/IMG_2035.jpg\" alt=\"\" width=\"341\" height=\"234\" srcset=\"https:\/\/notabeneconseil.fr\/wp-content\/uploads\/2017\/06\/IMG_2035.jpg 341w, https:\/\/notabeneconseil.fr\/wp-content\/uploads\/2017\/06\/IMG_2035-300x206.jpg 300w\" sizes=\"(max-width: 341px) 100vw, 341px\" \/><\/p>\n<p style=\"text-align: left;\">Situ\u00e9 \u00e0 Trois-Rivi\u00e8res, au Qu\u00e9bec et fond\u00e9 en 1985, Carpe Diem \u2013 Centre de ressources Alzheimer est un organisme communautaire sans but lucratif qui recherche, exp\u00e9rimente et propose des solutions<\/p>\n<p>nouvelles dans le domaine de l\u2019accompagnement \u00e0 domicile et de l\u2019h\u00e9bergement. Carpe Diem est aussi le nom d\u2019une approche d\u2019accompagnement des personnes touch\u00e9es par la maladie d\u2019Alzheimer ou d\u2019une maladie apparent\u00e9e, et de leurs proches. Cette approche a \u00e9t\u00e9 d\u00e9velopp\u00e9e par <strong>Mme Nicole Poirier<\/strong>, fondatrice de l\u2019organisme et directrice de la Maison Carpe Diem, et son \u00e9quipe.<\/p>\n<p><strong>Objectifs de la formation<\/strong><\/p>\n<p>Par des moyens p\u00e9dagogiques dynamiques et vari\u00e9s (mises en situation, processus d\u2019analyse, jeux de r\u00f4le, vid\u00e9os), cette formation s\u2019adapte aux diff\u00e9rents milieux et objectifs des participants, qu\u2019ils interviennent en \u00e9tablissement ou \u00e0 domicile.<\/p>\n<p>De plus, cette formation vise \u00e0 :<\/p>\n<ul>\n<li>Favoriser un changement de regard afin d\u2019acqu\u00e9rir les comp\u00e9tences n\u00e9cessaires \u00e0 l\u2019accompagnement des personnes ayant la maladie d\u2019Alzheimer ou une autre maladie connexe.<\/li>\n<li>Prendre conscience des mythes et des pr\u00e9jug\u00e9s et r\u00e9fl\u00e9chir sur la r\u00e9alit\u00e9 d\u2019une personne souffrant de d\u00e9ficits cognitifs.<\/li>\n<li>Apprendre les principales approches, en comprendre les fondements et savoir les utiliser judicieusement.<\/li>\n<li>Reconna\u00eetre et comprendre les impacts de la maladie sur les familles vivant avec la maladie, et d\u00e9velopper des habilet\u00e9s afin de les accompagner et de les soutenir.<\/li>\n<li>Pr\u00e9venir et \u00e9viter les abus et les mauvais traitements, favoriser la pr\u00e9vention de l\u2019\u00e9puisement personnel et professionnel.<\/li>\n<li>\u00c0 partir de situations concr\u00e8tes, apprendre une fa\u00e7on diff\u00e9rente d\u2019analyser, de comprendre et de trouver des solutions dans le respect de la personne, des proches, des intervenants et du contexte organisationnel.<\/li>\n<\/ul>\n<p><a href=\"http:\/\/alzheimercarpediem.com\" target=\"_blank\" rel=\"noopener\">Pour en savoir plus<\/a><\/p>\n","protected":false},"excerpt":{"rendered":"<p>Situ\u00e9 \u00e0 Trois-Rivi\u00e8res, au Qu\u00e9bec et fond\u00e9 en 1985, Carpe Diem \u2013 Centre de ressources Alzheimer est un organisme communautaire sans but lucratif qui recherche, exp\u00e9rimente et propose des solutions nouvelles dans le domaine de l\u2019accompagnement \u00e0 domicile et de l\u2019h\u00e9bergement. Carpe Diem est aussi le nom d\u2019une approche d\u2019accompagnement des personnes touch\u00e9es par la [&hellip;]<\/p>\n","protected":false},"author":2,"featured_media":0,"parent":0,"menu_order":0,"comment_status":"closed","ping_status":"closed","template":"","meta":{"footnotes":""},"_links":{"self":[{"href":"https:\/\/notabeneconseil.fr\/index.php\/wp-json\/wp\/v2\/pages\/212"}],"collection":[{"href":"https:\/\/notabeneconseil.fr\/index.php\/wp-json\/wp\/v2\/pages"}],"about":[{"href":"https:\/\/notabeneconseil.fr\/index.php\/wp-json\/wp\/v2\/types\/page"}],"author":[{"embeddable":true,"href":"https:\/\/notabeneconseil.fr\/index.php\/wp-json\/wp\/v2\/users\/2"}],"replies":[{"embeddable":true,"href":"https:\/\/notabeneconseil.fr\/index.php\/wp-json\/wp\/v2\/comments?post=212"}],"version-history":[{"count":3,"href":"https:\/\/notabeneconseil.fr\/index.php\/wp-json\/wp\/v2\/pages\/212\/revisions"}],"predecessor-version":[{"id":333,"href":"https:\/\/notabeneconseil.fr\/index.php\/wp-json\/wp\/v2\/pages\/212\/revisions\/333"}],"wp:attachment":[{"href":"https:\/\/notabeneconseil.fr\/index.php\/wp-json\/wp\/v2\/media?parent=212"}],"curies":[{"name":"wp","href":"https:\/\/api.w.org\/{rel}","templated":true}]}}