{"id":207,"date":"2017-06-24T23:56:12","date_gmt":"2017-06-24T21:56:12","guid":{"rendered":"http:\/\/notabeneconseil.fr\/?page_id=207"},"modified":"2017-07-21T22:53:12","modified_gmt":"2017-07-21T20:53:12","slug":"intervenants","status":"publish","type":"page","link":"https:\/\/notabeneconseil.fr\/index.php\/intervenants\/","title":{"rendered":"Intervenants"},"content":{"rendered":"<div id=\"attachment_95\" style=\"width: 234px\" class=\"wp-caption alignleft\"><img loading=\"lazy\" decoding=\"async\" aria-describedby=\"caption-attachment-95\" class=\"wp-image-95 size-medium\" src=\"http:\/\/notabeneconseil.fr\/wp-content\/uploads\/2017\/06\/IMG_0171-224x300.jpg\" alt=\"\" width=\"224\" height=\"300\" srcset=\"https:\/\/notabeneconseil.fr\/wp-content\/uploads\/2017\/06\/IMG_0171-224x300.jpg 224w, https:\/\/notabeneconseil.fr\/wp-content\/uploads\/2017\/06\/IMG_0171.jpg 764w\" sizes=\"(max-width: 224px) 100vw, 224px\" \/><p id=\"caption-attachment-95\" class=\"wp-caption-text\">Jo\u00eblle Tobelem Fondatrice et Directrice de Nota Bene Conseil.<\/p><\/div>\n<p>Nota Bene est un organisme de formation qui travaille avec de nombreux professionnels et experts dans le domaine du travail social &amp; m\u00e9dicosocial. Sociologues,\u00a0philosophes, m\u00e9decins, psychiatres, psychologues, psychanalystes, travailleurs sociaux et enseignants sp\u00e9cialis\u00e9s&#8230;<\/p>\n<p>&nbsp;<\/p>\n<p>&nbsp;<\/p>\n<p>&nbsp;<\/p>\n<p>&nbsp;<\/p>\n<p><a href=\"http:\/\/npc.quebec\" target=\"_blank\" rel=\"noopener\">l&rsquo;\u00e9quipe de Nicole Poirier Consultant :<\/a><\/p>\n<p><img loading=\"lazy\" decoding=\"async\" class=\"alignleft size-full wp-image-326\" src=\"http:\/\/notabeneconseil.fr\/wp-content\/uploads\/2017\/06\/Capture-d\u2019\u00e9cran-2017-07-21-\u00e0-22.40.51.png\" alt=\"\" width=\"883\" height=\"737\" srcset=\"https:\/\/notabeneconseil.fr\/wp-content\/uploads\/2017\/06\/Capture-d\u2019\u00e9cran-2017-07-21-\u00e0-22.40.51.png 883w, https:\/\/notabeneconseil.fr\/wp-content\/uploads\/2017\/06\/Capture-d\u2019\u00e9cran-2017-07-21-\u00e0-22.40.51-300x250.png 300w, https:\/\/notabeneconseil.fr\/wp-content\/uploads\/2017\/06\/Capture-d\u2019\u00e9cran-2017-07-21-\u00e0-22.40.51-768x641.png 768w, https:\/\/notabeneconseil.fr\/wp-content\/uploads\/2017\/06\/Capture-d\u2019\u00e9cran-2017-07-21-\u00e0-22.40.51-600x501.png 600w\" sizes=\"(max-width: 883px) 100vw, 883px\" \/><img loading=\"lazy\" decoding=\"async\" class=\"alignleft size-full wp-image-329\" src=\"http:\/\/notabeneconseil.fr\/wp-content\/uploads\/2017\/06\/Capture-d\u2019\u00e9cran-2017-07-21-\u00e0-22.47.48.png\" alt=\"\" width=\"307\" height=\"246\" srcset=\"https:\/\/notabeneconseil.fr\/wp-content\/uploads\/2017\/06\/Capture-d\u2019\u00e9cran-2017-07-21-\u00e0-22.47.48.png 307w, https:\/\/notabeneconseil.fr\/wp-content\/uploads\/2017\/06\/Capture-d\u2019\u00e9cran-2017-07-21-\u00e0-22.47.48-300x240.png 300w\" sizes=\"(max-width: 307px) 100vw, 307px\" \/><\/p>\n","protected":false},"excerpt":{"rendered":"<p>Nota Bene est un organisme de formation qui travaille avec de nombreux professionnels et experts dans le domaine du travail social &amp; m\u00e9dicosocial. Sociologues,\u00a0philosophes, m\u00e9decins, psychiatres, psychologues, psychanalystes, travailleurs sociaux et enseignants sp\u00e9cialis\u00e9s&#8230; &nbsp; &nbsp; &nbsp; &nbsp; l&rsquo;\u00e9quipe de Nicole Poirier Consultant :<\/p>\n","protected":false},"author":2,"featured_media":0,"parent":0,"menu_order":0,"comment_status":"closed","ping_status":"closed","template":"","meta":{"footnotes":""},"_links":{"self":[{"href":"https:\/\/notabeneconseil.fr\/index.php\/wp-json\/wp\/v2\/pages\/207"}],"collection":[{"href":"https:\/\/notabeneconseil.fr\/index.php\/wp-json\/wp\/v2\/pages"}],"about":[{"href":"https:\/\/notabeneconseil.fr\/index.php\/wp-json\/wp\/v2\/types\/page"}],"author":[{"embeddable":true,"href":"https:\/\/notabeneconseil.fr\/index.php\/wp-json\/wp\/v2\/users\/2"}],"replies":[{"embeddable":true,"href":"https:\/\/notabeneconseil.fr\/index.php\/wp-json\/wp\/v2\/comments?post=207"}],"version-history":[{"count":15,"href":"https:\/\/notabeneconseil.fr\/index.php\/wp-json\/wp\/v2\/pages\/207\/revisions"}],"predecessor-version":[{"id":230,"href":"https:\/\/notabeneconseil.fr\/index.php\/wp-json\/wp\/v2\/pages\/207\/revisions\/230"}],"wp:attachment":[{"href":"https:\/\/notabeneconseil.fr\/index.php\/wp-json\/wp\/v2\/media?parent=207"}],"curies":[{"name":"wp","href":"https:\/\/api.w.org\/{rel}","templated":true}]}}